?
86
-3 (base 5) to base 4
-3
Convert -11 (base 13) to base 3.
-112
Convert 11 (base 4) to base 13.
5
Convert 1e (base 15) to base 9.
32
What is 2010 (base 3) in base 15?
3c
Convert -1044 (base 5) to base 6.
-405
-212 (base 5) to base 10
-57
-121 (base 8) to base 2
-1010001
What is 14 (base 6) in base 11?
a
Convert -4 (base 6) to base 5.
-4
Convert -22 (base 3) to base 2.
-1000
10100101 (base 2) to base 6
433
What is -163 (base 15) in base 10?
-318
What is -13 (base 14) in base 7?
-23
-19 (base 13) to base 2
-10110
-12 (base 15) to base 12
-15
What is -1e (base 16) in base 10?
-30
Convert -102 (base 5) to base 8.
-33
What is -22020 (base 3) in base 6?
-1010
What is -100 (base 2) in base 8?
-4
Convert -212 (base 6) to base 15.
-55
What is 4 (base 12) in base 9?
4
-4 (base 14) to base 3
-11
Convert -c (base 15) to base 6.
-20
-1010 (base 2) to base 10
-10
Convert 27 (base 8) to base 4.
113
Convert 10 (base 6) to base 3.
20
What is 2 (base 5) in base 16?
2
What is 5 (base 13) in base 6?
5
Convert -1b (base 14) to base 15.
-1a
-38 (base 15) to base 14
-3b
2 (base 8) to base 4
2
334 (base 10) to base 16
14e
What is 0 (base 8) in base 3?
0
Convert 3 (base 16) to base 15.
3
Convert 52 (base 12) to base 5.
222
6 (base 9) to base 2
110
Convert -5 (base 9) to base 16.
-5
Convert 0 (base 9) to base 3.
0
101 (base 4) to base 7
23
-312 (base 4) to base 3
-2000
Convert -3 (base 14) to base 10.
-3
What is 1011 (base 2) in base 13?
b
What is -110 (base 2) in base 9?
-6
65 (base 10) to base 15
45
What is -3 (base 8) in base 7?
-3
-2222 (base 3) to base 4
-1100
Convert -1 (base 10) to base 11.
-1
Convert 4 (base 16) to base 9.
4
a (base 16) to base 8
12
-23 (base 7) to base 5
-32
Convert 4 (base 9) to base 10.
4
-1 (base 13) to base 12
-1
What is 12 (base 5) in base 10?
7
What is 4 (base 6) in base 14?
4
What is -86 (base 11) in base 15?
-64
What is -83 (base 9) in base 6?
-203
What is -17 (base 14) in base 10?
-21
Convert 53 (base 6) to base 10.
33
What is -332 (base 4) in base 10?
-62
Convert -20212 (base 3) to base 9.
-225
What is -28 (base 15) in base 11?
-35
Convert 0 (base 3) to base 13.
0
Convert -1b (base 14) to base 16.
-19
Convert -4 (base 15) to base 11.
-4
What is -39 (base 14) in base 13?
-3c
11 (base 5) to base 16
6
Convert 60 (base 8) to base 12.
40
What is -2 (base 12) in base 10?
-2
What is 2 (base 6) in base 4?
2
What is 83 (base 14) in base 9?
137
Convert 2 (base 5) to base 8.
2
Convert 13 (base 15) to base 5.
33
6 (base 9) to base 3
20
41 (base 10) to base 8
51
What is -10 (base 2) in base 13?
-2
Convert 68 (base 10) to base 2.
1000100
-12 (base 5) to base 11
-7
20 (base 3) to base 14
6
What is 44 (base 8) in base 15?
26
What is -101 (base 3) in base 15?
-a
28 (base 14) to base 16
24
-ad (base 15) to base 9
-201
10 (base 7) to base 4
13
What is 0 (base 15) in base 3?
0
What is -129 (base 11) in base 2?
-10011000
Convert -2 (base 12) to base 15.
-2
What is 15 (base 7) in base 14?
c
Convert 19 (base 14) to base 2.
10111
Convert -49 (base 15) to base 7.
-126
-3 (base 11) to base 12
-3
What is -322 (base 4) in base 13?
-46
What is 22 (base 3) in base 4?
20
2 (base 15) to base 4
2
Convert -363 (base 7) to base 3.
-21010
4 (base 15) to base 9
4
What is 11001 (base 4) in base 5?
2241
Convert 3 (base 8) to base 2.
11
Convert 111100 (base 2) to base 3.
2020
112 (base 3) to base 13
11
15 (base 10) to base 2
1111
Convert 8 (base 12) to base 7.
11
Convert -109 (base 10) to base 13.
-85
What is -33 (base 6) in base 3?
-210
What is f (base 16) in base 9?
16
Convert 111 (base 2) to base 15.
7
-2 (base 6) to base 8
-2
-1c (base 13) to base 2
-11001
-5 (base 8) to base 6
-5
Convert 17 (base 10) to base 13.
14
What is 1b (base 12) in base 2?
10111
What is -5 (base 10) in base 11?
-5
What is 5 (base 12) in base 10?
5
Convert 12 (base 3) to base 10.
5
What is 1101 (base 3) in base 11?
34
What is -7 (base 16) in base 7?
-10
-2 (base 7) to base 5
-2
What is 3 (base 14) in base 4?
3
What is -13 (base 11) in base 13?
-11
Convert -650 (base 7) to base 9.
-405
What is 1 (base 7) in base 13?
1
63 (base 10) to base 7
120
-100110 (base 2) to base 13
-2c
Convert 44 (base 10) to base 4.
230
1 (base 16) to base 13
1
What is 11 (base 6) in base 14?
7
1 (base 2) to base 8
1
113 (base 6) to base 13
36
-19 (base 16) to base 14
-1b
Convert 7 (base 12) to base 2.
111
6 (base 7) to base 10
6
101101 (base 2) to base 13
36
What is -2 (base 11) in base 14?
-2
Convert 112 (base 4) to base 10.
22
What is -2 (base 16) in base 13?
-2
-244 (base 5) to base 2
-1001010
Convert 1 (base 14) to base 8.
1
2 (base 4) to base 10
2
Convert 4 (base 11) to base 15.
4
What is 34 (base 9) in base 12?
27
Convert 121 (base 11) to base 3.
12100
-a (base 15) to base 6
-14
Convert -355 (base 6) to base 11.
-120
What is 123 (base 6) in base 2?
110011
What is 4d (base 15) in base 10?
73
Convert 9 (base 13) to base 11.
9
Convert 110 (base 7) to base 10.
56
232 (base 6) to base 2
1011100
What is 12 (base 3) in base 9?
5
-56 (base 7) to base 15
-2b
Convert -2 (base 3) to base 4.
-2
What is 2 (base 12) in base 7?
2
4 (base 7) to base 13
4
Convert -a (base 14) to base 4.
-22
5 (base 16) to base 14
5
What is 45 (base 7) in base 16?
21
16 (base 9) to base 16
f
-10111 (base 2) to base 12
-1b
What is 63 (base 8) in base 3?
1220
16 (base 7) to base 4
31
-13 (base 6) to base 15
-9
11 (base 5) to base 16
6
200 (base 8) to base 9
152
What is 41 (base 5) in base 12?
19
-20 (base 7) to base 6
-22
Convert 0 (base 5) to base 13.
0
Convert -1 (base 2) to base 8.
-1
10000 (base 2) to base 10
16
What is 5 (base 15) in base 11?
5
Convert 66 (base 13) to base 9.
103
-1 (base 3) to base 6
-1
What is 19 (base 10) in base 12?
17
What is -1 (base 11) in base 7?
-1
Convert -18 (base 14) to base 7.
-31
-2 (base 12) to base 10
-2
What is 0 (base 6) in base 16?
0
What is 261 (base 10) in base 16?
105
Convert 3d (base 16) to base 11.
56
Convert -24 (base 5) to base 2.
-1110
What is -6 (base 10) in base 9?
-6
-249 (base 10) to base 12
-189
Convert -2 (base 5) to base 16.
-2
-1 (base 14) to base 5
-1
-1000 (base 3) to base 5
-102
-17 (base 9) to base 13
-13
What is 1 (base 6) in base 4?
1
Convert -4a (base 15) to base 9.
-77
Convert -1 (base 12) to base 7.
-1
-15 (base 7) to base 12
-10
Convert -14 (base 13) to base 3.
-122
Convert -3 (base 9) to base 10.
-3
Convert 7 (base 12) to base 3.
21
41 (base 16) to base 8
101
Convert 3 (base 9) to base 10.
3
be (base 15) to base 13
10a
Convert 1f (base 16) to base 12.
27
What is 100 (base 2) in base 10?
4
What is -1c (base 13) in base 8?
-31
Convert -12 (base 9) to base 13.
-b
What is 51 (base 7) in base 8?
44
What is 60 (base 8) in base 7?
66
What is -1012 (base 4) in base 6?
-154
What is -20 (base 15) in base 10?
-30
Convert -1b (base 12) to base 6.
-35
What is -2 (base 13) in base 14?
-2
Convert 110 (base 11) to base 12.
b0
Convert 5b (base 12) to base 6.
155
18 (base 11) to base 12
17
-1 (base 8) to base 16
-1
-2 (base 14) to base 15
-2
-10 (base 3) to base 16
-3
Convert 10 (base 3) to base 11.
3
-52 (base 9) to base 10
-47
Convert -2b (base 14) to base 4.
-213
1101 (base 3) to base 15
27
What is 11 (base 13) in base 4?
32
Convert 7 (base 8) to base 14.
7
19 (base 11) to base 15
15
42 (base 12) to base 10
50
Convert 47 (base 8) to base 16.
27
Convert 1 (base 11) to base 2.
1
-1 (base 6) to base 9
-1
Convert -13 (base 12) to base 11.
-14
-3103 (base 4) to base 16
-d3
What is -18 (base 11) in base 3?
-201
-149 (base 15) to base 14
-170
Convert -311 (base 6) to base 3.
-11021
Convert 21 (base 9) to base 2.
10011
What is -5 (base 8) in base 13?
-5
What is 25 (base 15) in base 3?
1022
Convert -40 (base 8) to base 16.
-20
Convert 550 (base 8) to base 14.
1ba
Convert -32 (base 11) to base 4.
-203
What is -1214 (base 5) in base 3?
-20211
What is -1111 (base 2) in base 7?
-21
Convert 2 (base 8) to base 15.
2
Convert -2d (base 16) to base 4.
-231
Convert 11 (base 3) to base 11.
4
Convert 1a (base 14) to base 11.
22
What is 16 (base 11) in base 8?
21
-19 (base 15) to base 2
-11000
Convert -3 (base 5) to base 13.
-3
What is 12 (base 5) in base 4?
13
40 (base 12) to base 2
110000
Convert -b (base 16) to base 12.
-b
What is -464 (base 8) in base 13?
-1a9
What is 0 (base 10) in base 12?
0
What is 8 (bas